{"id":307,"date":"2020-01-13T11:17:52","date_gmt":"2020-01-13T11:17:52","guid":{"rendered":"https:\/\/demosites.io\/web-agency-gb\/?page_id=5"},"modified":"2026-04-16T19:25:18","modified_gmt":"2026-04-16T19:25:18","slug":"15c42-web-agency-gb-home","status":"publish","type":"page","link":"https:\/\/mytimecenter.hu\/","title":{"rendered":"Home"},"content":{"rendered":"\n<div class=\"wp-block-cover alignfull\" style=\"min-height:700px;aspect-ratio:unset;\"><img loading=\"lazy\" decoding=\"async\" width=\"2560\" height=\"1707\" class=\"wp-block-cover__image-background wp-image-27\" alt=\"\" src=\"https:\/\/mytimecenter.hu\/wp-content\/uploads\/2022\/05\/beautiful-young-woman-enjoys-massage-scaled.jpg\" style=\"object-position:50% 64%\" data-object-fit=\"cover\" data-object-position=\"50% 64%\" srcset=\"https:\/\/mytimecenter.hu\/wp-content\/uploads\/2022\/05\/beautiful-young-woman-enjoys-massage-scaled.jpg 2560w, https:\/\/mytimecenter.hu\/wp-content\/uploads\/2022\/05\/beautiful-young-woman-enjoys-massage-300x200.jpg 300w, https:\/\/mytimecenter.hu\/wp-content\/uploads\/2022\/05\/beautiful-young-woman-enjoys-massage-1024x683.jpg 1024w, https:\/\/mytimecenter.hu\/wp-content\/uploads\/2022\/05\/beautiful-young-woman-enjoys-massage-768x512.jpg 768w, https:\/\/mytimecenter.hu\/wp-content\/uploads\/2022\/05\/beautiful-young-woman-enjoys-massage-1536x1024.jpg 1536w, https:\/\/mytimecenter.hu\/wp-content\/uploads\/2022\/05\/beautiful-young-woman-enjoys-massage-2048x1365.jpg 2048w, https:\/\/mytimecenter.hu\/wp-content\/uploads\/2022\/05\/beautiful-young-woman-enjoys-massage-360x240.jpg 360w\" sizes=\"auto, (max-width: 2560px) 100vw, 2560px\" \/><span aria-hidden=\"true\" class=\"wp-block-cover__background has-background-dim-0 has-background-dim\"><\/span><div class=\"wp-block-cover__inner-container is-layout-flow wp-block-cover-is-layout-flow\">\n<p class=\"has-text-align-center\" style=\"font-size:90px\"><strong>MYTIME<\/strong><\/p>\n\n\n\n<div style=\"height:54px\" aria-hidden=\"true\" class=\"wp-block-spacer\"><\/div>\n\n\n\n<p class=\"has-text-align-center has-nv-site-bg-color has-text-color\" style=\"font-size:50px\"><strong>azaz az \u00c9nid\u0151m<\/strong><\/p>\n<\/div><\/div>\n\n\n\n<div style=\"height:43px\" aria-hidden=\"true\" class=\"wp-block-spacer\"><\/div>\n\n\n\n<p class=\"has-text-align-center has-large-font-size\"><strong>Az \u00e9nid\u0151 min\u0151s\u00e9gi, \u00d6nmagunkra sz\u00e1nt id\u0151,<\/strong> <strong>amit azzal t\u00f6lt\u00fcnk, ami <\/strong><\/p>\n\n\n\n<div style=\"height:3px\" aria-hidden=\"true\" class=\"wp-block-spacer\"><\/div>\n\n\n\n<h2 class=\"wp-block-heading has-text-align-center has-large-font-size\"><strong>sz\u00e1munkra fontos \u00e9s kiz\u00e1r\u00f3lag csak R\u00f3lunk sz\u00f3l.<\/strong><\/h2>\n\n\n\n<div class=\"wp-block-columns is-layout-flex wp-container-core-columns-is-layout-9d6595d7 wp-block-columns-is-layout-flex\">\n<div class=\"wp-block-column is-layout-flow wp-block-column-is-layout-flow\" style=\"flex-basis:100%\">\n<p class=\"has-text-align-center\"><em>N\u0151k\u00e9nt olykor meg kell \u00e1llni egy kicsit, \u00e9s \u00e1tgondolni, hogy mennyi id\u0151t is sz\u00e1nunk saj\u00e1t magunkra a h\u00e9tk\u00f6znapok sor\u00e1n. <\/em><em><\/em><\/p>\n<\/div>\n<\/div>\n\n\n\n<p class=\"has-text-align-center\"><em>Aki ad, kapnia is kell.<\/em><em><\/em><\/p>\n\n\n\n<p><\/p>\n\n\n\n<p class=\"has-text-align-center has-medium-font-size\">\u00c1RAK<\/p>\n\n\n\n<p class=\"has-text-align-center has-medium-font-size\">(az aktu\u00e1lis akci\u00f3kat keresd a honlapon vagy a mytimecenter facebook oldalon)<\/p>\n\n\n\n<p class=\"has-medium-font-size\">Relax massz\u00e1zs (olajos) 50 perc 8.500 Ft<\/p>\n\n\n\n<p class=\"has-medium-font-size\">Teljes test (olajos) 60 perc 9.500 Ft, 90 perc 13.500 Ft<\/p>\n\n\n\n<p>Nyirokmassz\u00e1zs (sz\u00e1raz) 60 perc 9.500 Ft<\/p>\n\n\n\n<p>Blokkmassz\u00e1zsok 30 perc 5.500 Ft :<\/p>\n\n\n\n<ul class=\"wp-block-list\">\n<li>Fels\u0151test massz\u00e1zs (h\u00e1t, karok)<\/li>\n\n\n\n<li>Gerincregener\u00e1l\u00f3<\/li>\n\n\n\n<li>Arcfiatal\u00edt\u00f3 massz\u00e1zs (k\u00e9zi \u00e9s g\u00e9pi)<\/li>\n\n\n\n<li>K\u00f6p\u00f6ly\u00f6z\u00e9s<\/li>\n\n\n\n<li>TENS &#8211; izomstimul\u00e1l\u00e1s<\/li>\n<\/ul>\n\n\n\n<div class=\"wp-block-buttons is-layout-flex wp-block-buttons-is-layout-flex\"><\/div>\n\n\n\n<p>Orvosi pi\u00f3ca 60-90 perc (4.500 Ft\/pi\u00f3ca + egyszeri 1.500 Ft k\u00f6t\u00f6z\u00e9s)<\/p>\n\n\n\n<p>&#8212;&#8212;&#8212;&#8212;&#8212;&#8212;&#8212;&#8212;&#8212;&#8212;&#8212;&#8212;&#8212;&#8212;&#8212;&#8212;&#8212;&#8212;&#8212;&#8212;&#8212;&#8212;&#8212;&#8212;&#8212;&#8212;&#8212;&#8212;&#8212;&#8212;&#8212;<\/p>\n\n\n\n<p><strong>KUPONOK, KEDVEZM\u00c9NYEK<\/strong><\/p>\n\n\n\n<p><u>T\u00d6RZSVEND\u00c9G KEDVEZM\u00c9NY<\/u><\/p>\n\n\n\n<ul class=\"wp-block-list\">\n<li>5. alkalmat k\u00f6vet\u0151en 10% kedvezm\u00e9ny<\/li>\n<\/ul>\n\n\n\n<p><u>B\u00c9RLET<\/u><\/p>\n\n\n\n<ul class=\"wp-block-list\">\n<li>5 alkalmas 60 perces massz\u00e1zs 4. alkalom \u00e1r\u00e1\u00e9rt 38.000 Ft \u2013 az 5. alkalom aj\u00e1nd\u00e9k<\/li>\n<\/ul>\n\n\n\n<p><u>AJ\u00c1ND\u00c9KUTALV\u00c1NYOK<\/u><\/p>\n\n\n\n<ul class=\"wp-block-list\">\n<li>&nbsp;5.500 Ft \u00e9rt\u00e9kben v\u00e1s\u00e1rolhat\u00f3<\/li>\n\n\n\n<li>&nbsp;9 500 Ft \u00e9rt\u00e9kben v\u00e1s\u00e1rolhat\u00f3<\/li>\n<\/ul>\n\n\n\n<p><u>ELS\u0150 ALKALOM KEDVEZM\u00c9NY<\/u><\/p>\n\n\n\n<p>Id\u0151szakosan &#8211; kupon bemutat\u00e1s\u00e1val, b\u00e1rmely massz\u00e1zs \u00e1r\u00e1b\u00f3l 2 000 Ft kedvezm\u00e9ny<\/p>\n\n\n\n<div style=\"height:20px\" aria-hidden=\"true\" class=\"wp-block-spacer\"><\/div>\n\n\n\n<div class=\"wp-block-columns is-layout-flex wp-container-core-columns-is-layout-9d6595d7 wp-block-columns-is-layout-flex\">\n<div class=\"wp-block-column is-layout-flow wp-block-column-is-layout-flow\" style=\"flex-basis:100%\">\n<p class=\"has-text-align-center has-nv-site-bg-color has-nv-c-1-background-color has-text-color has-background\" style=\"font-size:18px\"><strong>Foglalhat\u00f3 id\u0151szak: h\u00e9tf\u0151t\u0151l szombatig 08 \u00e9s 19 \u00f3ra k\u00f6z\u00f6tt (el\u0151re egyeztetett id\u0151pont szerint)<\/strong><\/p>\n<\/div>\n<\/div>\n\n\n\n<\/p>\n<p>\n\n\n\n<p><\/p>\n\n\n\n<\/p>\n<p>\n\n\n\n<\/p>\n<p>\n\n\n\n<\/p>\n<p>\n\n\n\n<\/p>\n<p>\n\n\n\n<\/p>\n<p>\n\n\n\n<\/p>\n<p>\n\n\n\n<\/p>\n<p>\n\n\n\n<\/p>\n<p>\n\n\n\n<\/p>\n<p>\n\n\n\n<\/p>\n<p>\n\n\n\n<\/p>\n<p>\n\n\n\n<\/p>\n<p>\n\n\n\n<\/p>\n<p>\n\n\n\n<\/p>\n<p>\n\n\n\n<\/p>\n<p>\n\n\n\n<\/p>\n<p>\n\n\n\n<\/p>\n<p>\n\n\n\n<\/p>\n<p>\n\n\n\n<\/p>\n<p>\n\n\n\n<\/p>\n<p>\n\n\n\n<\/p>\n<p>\n\n\n\n<\/p>\n<p>\n\n\n\n<\/p>\n<p>\n\n\n\n<\/p>\n<p>\n\n\n\n<\/p>\n<p>\n\n\n\n<\/p>\n<p>\n\n\n\n<\/p>\n<p>\n\n\n\n<\/p>\n\n\n<p><!-- \/wp:post-content --><\/p>\n<p><!-- \/wp:columns --><\/p>\n<p><!-- wp:columns --><\/p>\n<div class=\"wp-block-columns\"><!-- wp:column {\"style\":{\"color\":{\"background\":\"#dbbe92\",\"text\":\"#504434\"}}} -->\n<div class=\"wp-block-column has-text-color has-background\" style=\"background-color: #dbbe92; color: #504434;\"><!-- wp:spacer {\"height\":\"45px\"} -->\n<div class=\"wp-block-spacer\" style=\"height: 45px;\" aria-hidden=\"true\">\u00a0<\/div>\n<p><!-- \/wp:spacer --><\/p>\n<p><!-- wp:paragraph {\"align\":\"center\",\"style\":{\"typography\":{\"textTransform\":\"uppercase\"}},\"fontSize\":\"large\"} --><\/p>\n<p class=\"has-text-align-center has-large-font-size\" style=\"text-transform: uppercase;\"><strong>Massz\u00e1zs<\/strong><\/p>\n<p><!-- \/wp:paragraph --><\/p>\n<p><!-- wp:paragraph --><\/p>\n<p>A massz\u00e1zs a testnek \u00e9s a l\u00e9leknek egyar\u00e1nt jav\u00e1ra van. Serkenti a v\u00e9rkering\u00e9st, s hozz\u00e1j\u00e1rul ahhoz, hogy a nyirokrendszer ell\u00e1ssa tiszt\u00edt\u00e1si feladat\u00e1t. Emellett megszabad\u00edt benn\u00fcnket a felgy\u00fclemlett fesz\u00fclts\u00e9gt\u0151l, hiszen\u00a0meg\u00fajult energi\u00e1val m\u00e1s sz\u00ednben l\u00e1tjuk a dolgokat, s megn\u0151 az \u00f6nbecs\u00fcl\u00e9s\u00fcnk is. A massz\u00edroz\u00e1s k\u00f6zben kialakul\u00f3 v\u00e9rb\u0151s\u00e9g t\u00e1panyagokkal seg\u00edti az izmok m\u0171k\u00f6d\u00e9s\u00e9t, enyh\u00edtve az izomf\u00e1radts\u00e1got.<\/p>\n<p><!-- \/wp:paragraph --><\/p>\n<p><!-- wp:paragraph --><\/p>\n<p>A massz\u00e1zs hat\u00e1sai m\u00e1r az \u00f3kori ember sz\u00e1m\u00e1ra ismertek voltak, ahol s\u0171r\u0171n gyakorolt\u00e1k a testre gyakorolt pozit\u00edv tulajdons\u00e1gait. Egy \u00e9vezredekre visszany\u00fal\u00f3 ter\u00e1piaforma, \u00edgy nem csoda, hogy modern korunkban hihetetlen\u00fcl elterjedt lett. Napjainkban val\u00f3 elterjed\u00e9s\u00e9nek egyik oka, sajnos pontosan a modern kori \u00e9letvitelben keresend\u0151. Kev\u00e9s mozg\u00e1s, eg\u00e9szs\u00e9gtelen testtart\u00e1s, rengeteg, m\u00e1r-m\u00e1r eg\u00e9szs\u00e9gtelennek mondhat\u00f3 \u00e1ll\u00f3 vagy \u00fcl\u0151munka. Ezek t\u00fckr\u00e9ben nem csoda hogy szupergyorsan k\u00f6zkedvelt lett.<\/p>\n<p><!-- \/wp:paragraph --><\/p>\n<\/div>\n<p><!-- \/wp:column --><\/p>\n<\/div>\n<p><!-- \/wp:columns --><\/p>\n<p><!-- wp:columns --><\/p>\n<div class=\"wp-block-columns\"><!-- wp:column -->\n<div class=\"wp-block-column\"><!-- wp:group {\"style\":{\"color\":{\"text\":\"#dbbe92\",\"background\":\"#dbbe92\"}},\"layout\":{\"type\":\"default\"}} -->\n<div class=\"wp-block-group has-text-color has-background\" style=\"background-color: #dbbe92; color: #dbbe92;\"><!-- wp:paragraph {\"align\":\"center\",\"style\":{\"color\":{\"text\":\"#504434\",\"background\":\"#dbbe92\"},\"typography\":{\"textTransform\":\"uppercase\"}},\"fontSize\":\"large\"} -->\n<p class=\"has-text-align-center has-text-color has-background has-large-font-size\" style=\"background-color: #dbbe92; color: #504434; text-transform: uppercase;\"><strong>Lelki eg\u00e9szs\u00e9g<\/strong><\/p>\n<p><!-- \/wp:paragraph --><\/p>\n<p><!-- wp:spacer {\"height\":\"0px\"} --><\/p>\n<div class=\"wp-block-spacer\" style=\"height: 0px;\" aria-hidden=\"true\">\u00a0<\/div>\n<p><!-- \/wp:spacer --><\/p>\n<p><!-- wp:paragraph {\"style\":{\"color\":{\"text\":\"#504434\",\"background\":\"#dbbe92\"}}} --><\/p>\n<p class=\"has-text-color has-background\" style=\"background-color: #dbbe92; color: #504434;\">A stresszes helyzetek okozta kellemetlen \u00e9rz\u00e9seket szeretn\u00e9nk minimaliz\u00e1lni az \u00e9let\u00fcnkben, arra v\u00e1gyunk, hogy meg\u00e9lj\u00fck a pillanatot, \u00f6r\u00f6mmel \u00e9s eredm\u00e9nyesen dolgozzunk a munkahely\u00fcnk\u00f6n. Mivel a stresszes helyzeteket nem lehet kiiktatni az \u00e9let\u00fcnkb\u0151l, ez\u00e9rt meg kell tanulni azt megfelel\u0151 m\u00f3don kezelni. A megoldand\u00f3 feladatok teljes\u00edt\u00e9se \u00e1ltal pedig rengeteget fejl\u0151d\u00fcnk. Hangs\u00falyos szerepet kap a stresszhelyzet kezel\u00e9sben, hogy t\u00f6k\u00e9letes\u00edts\u00fck a tudatoss\u00e1gunkat. Ahogy a fizikai test edz\u00e9se sor\u00e1n egyre jobban megismerj\u00fck saj\u00e1t test\u00fcnket, s\u0151t megtanuljuk uralni, ugyan\u00edgy van ez az \u00e9rz\u00e9seinkkel is. Lelk\u00fcnk tr\u00e9ningez\u00e9se mellett sz\u00e1mos stresszold\u00f3 technika \u00e1ll rendelkez\u00e9s\u00fcnkre, amelyek t\u00e1mogatj\u00e1k ezt a tanul\u00e1si folyamatot.<\/p>\n<p><!-- \/wp:paragraph --><\/p>\n<\/div>\n<p><!-- \/wp:group --><\/p>\n<\/div>\n<p><!-- \/wp:column --><\/p>\n<\/div>\n<p><!-- \/wp:columns --><\/p>\n<p><!-- wp:group {\"style\":{\"color\":{\"background\":\"#dbbe93\"}}} --><\/p>\n<div class=\"wp-block-group has-background\" style=\"background-color: #dbbe93;\"><!-- wp:paragraph {\"align\":\"center\",\"style\":{\"typography\":{\"textTransform\":\"uppercase\"},\"color\":{\"background\":\"#dbbe92\"}},\"fontSize\":\"large\"} -->\n<p class=\"has-text-align-center has-background has-large-font-size\" style=\"background-color: #dbbe92; text-transform: uppercase;\"><strong>Akci\u00f3k<\/strong><\/p>\n<p><!-- \/wp:paragraph --><\/p>\n<p><!-- wp:paragraph {\"align\":\"center\",\"style\":{\"color\":{\"background\":\"#dbbe92\"}}} --><\/p>\n<p class=\"has-text-align-center has-background\" style=\"background-color: #dbbe92;\">Ha azt mondod, \u201enincs id\u0151m \u00e9nid\u0151re\u201d, tudd, hogy akkor van r\u00e1 a legnagyobb sz\u00fcks\u00e9ged!<\/p>\n<p><!-- \/wp:paragraph --><\/p>\n<p><!-- wp:paragraph {\"align\":\"center\",\"style\":{\"color\":{\"background\":\"#dbbe92\"}}} --><\/p>\n<p class=\"has-text-align-center has-background\" style=\"background-color: #dbbe92;\">A magadra ford\u00edtott id\u0151 sokszorosan megt\u00e9r\u00fcl.<\/p>\n<p><!-- \/wp:paragraph --><\/p>\n<p><!-- wp:paragraph {\"align\":\"center\",\"style\":{\"color\":{\"background\":\"#dbbe92\"}}} --><\/p>\n<p><!-- \/wp:paragraph --><\/p>\n<p><!-- wp:paragraph {\"align\":\"center\",\"style\":{\"color\":{\"background\":\"#dbbe92\"}}} --><\/p>\n<p><!-- \/wp:paragraph --><\/p>\n<p><!-- wp:paragraph {\"align\":\"center\",\"style\":{\"color\":{\"background\":\"#dbbe92\"}}} --><\/p>\n<p class=\"has-text-align-center has-background\" style=\"background-color: #dbbe92;\">\u00a0Aktu\u00e1lis AKCI\u00d3K a Timi Massz\u00e1zs Si\u00f3fok (mytimecenter) facebook oldal\u00e1n.<\/p>\n<p><!-- \/wp:paragraph --><\/p>\n<\/div>\n<p><!-- \/wp:group --><\/p>\n<p><!-- wp:spacer --><\/p>\n<div class=\"wp-block-spacer\" style=\"height: 100px;\" aria-hidden=\"true\">\u00a0<\/div>\n<p><!-- \/wp:spacer --><\/p>\n<p><!-- wp:paragraph {\"align\":\"center\",\"style\":{\"color\":{\"text\":\"#504434\"},\"typography\":{\"textTransform\":\"uppercase\"}},\"fontSize\":\"large\"} --><\/p>\n<p class=\"has-text-align-center has-text-color has-large-font-size\" style=\"color: #504434; text-transform: uppercase;\"><strong>Szolg\u00e1ltat\u00e1sok<\/strong><\/p>\n<p><!-- \/wp:paragraph --><\/p>\n<p><!-- wp:columns --><\/p>\n<div class=\"wp-block-columns\"><!-- wp:column -->\n<div class=\"wp-block-column\"><!-- wp:paragraph {\"align\":\"center\",\"style\":{\"color\":{\"background\":\"#dbbe92\"}}} -->\n<p class=\"has-text-align-center has-background\" style=\"background-color: #dbbe92;\">Sv\u00e9dmassz\u00e1zsok<\/p>\n<p><!-- \/wp:paragraph --><\/p>\n<p><!-- wp:read-more {\"content\":\"\\u003cem\\u003eB\u0151vebb le\u00edr\u00e1s...\\u003c\/em\\u003e\",\"textColor\":\"nv-dark-bg\"} \/--><\/p>\n<\/div>\n<p><!-- \/wp:column --><\/p>\n<p><!-- wp:column --><\/p>\n<div class=\"wp-block-column\"><!-- wp:paragraph {\"align\":\"center\",\"style\":{\"color\":{\"background\":\"#dbbe92\"}}} -->\n<p class=\"has-text-align-center has-background\" style=\"background-color: #dbbe92;\">Nyirokmassz\u00e1zs<\/p>\n<p><!-- \/wp:paragraph --><\/p>\n<p><!-- wp:read-more {\"content\":\"\\u003cem\\u003eB\u0151vebb le\u00edr\u00e1s...\\u003c\/em\\u003e\",\"textColor\":\"nv-dark-bg\"} \/--><\/p>\n<\/div>\n<p><!-- \/wp:column --><\/p>\n<p><!-- wp:column --><\/p>\n<div class=\"wp-block-column\"><!-- wp:paragraph {\"align\":\"center\",\"style\":{\"color\":{\"background\":\"#dbbe92\"}}} -->\n<p class=\"has-text-align-center has-background\" style=\"background-color: #dbbe92;\">Blokkmassz\u00e1zsok<\/p>\n<p class=\"has-text-align-center has-background\" style=\"background-color: #dbbe92;\">Orvosi pi\u00f3ca felhelyez\u00e9s<\/p>\n<p><!-- \/wp:paragraph --><\/p>\n<p><!-- wp:read-more {\"content\":\"\\u003cem\\u003eB\u0151vebb le\u00edr\u00e1s...\\u003c\/em\\u003e\",\"textColor\":\"nv-dark-bg\"} \/--><\/p>\n<\/div>\n<p><!-- \/wp:column --><\/p>\n<\/div>\n<p><!-- \/wp:columns --><\/p>\n<p><!-- wp:paragraph {\"align\":\"center\",\"backgroundColor\":\"nv-c-1\",\"textColor\":\"nv-site-bg\",\"fontSize\":\"medium\"} --><\/p>\n<p class=\"has-text-align-center has-nv-site-bg-color has-nv-c-1-background-color has-text-color has-background has-medium-font-size\"><strong>Foglalhat\u00f3 id\u0151szak: h\u00e9tf\u0151t\u0151l szombatig 07 \u00e9s 19 \u00f3ra k\u00f6z\u00f6tt (el\u0151re egyeztetett id\u0151pont szerint)<\/strong><\/p>\n<div class=\"wp-block-columns\">\n<div class=\"wp-block-column\">\n<p><!-- \/wp:paragraph --><\/p>\n<\/div>\n<p><!-- \/wp:column --><\/p>\n<p><!-- wp:column --><\/p>\n<div class=\"wp-block-column\">\u00a0<\/div>\n<p><!-- \/wp:column --><\/p>\n<\/div>\n<p><!-- \/wp:columns --><\/p>\n<p><!-- wp:columns --><\/p>\n<div class=\"wp-block-columns\"><!-- wp:column -->\n<div class=\"wp-block-column\"><!-- wp:freeform -->\n<p><strong>Bejelentkez\u00e9s az al\u00e1bbi el\u00e9rhet\u0151s\u00e9geken:<\/strong><\/p>\n<p><!-- \/wp:paragraph --><\/p>\n<p><!-- wp:list --><\/p>\n<ul>\n<li>Telefon\/SMS <strong>+36 20\/298-2321<\/strong><\/li>\n<\/ul>\n<p><!-- \/wp:list --><\/p>\n<p><!-- wp:list --><\/p>\n<ul>\n<li>Facebook-on: <strong>mytimecenter<\/strong><\/li>\n<\/ul>\n<p><!-- \/wp:list --><\/p>\n<p><!-- wp:list --><\/p>\n<p><!-- \/wp:list --><\/p>\n<p><!-- wp:paragraph --><\/p>\n<p>Telefonos bejelentkez\u00e9s eset\u00e9n, amennyiben nem tudom fogadni a h\u00edv\u00e1st, minden esetben visszah\u00edvom.<\/p>\n<p><!-- \/wp:paragraph --><\/p>\n<p><!-- wp:list --><\/p>\n<ul>\n<li>C\u00edm: <strong>Si\u00f3fok, Daday K\u00e1lm\u00e1n utca 6\/a.<\/strong><\/li>\n<\/ul>\n<p><!-- \/wp:list --><\/p>\n<p><!-- wp:paragraph --><\/p>\n<p>\u00a0 \u00a0 \u00a0 \u00a0 \u00a0 \u00a0 \u00a0 \u00a0Ingyenes parkol\u00e1s <em>(a h\u00e1z el\u0151tt)<\/em><\/p>\n<p><!-- \/wp:freeform --><\/p>\n<\/div>\n<p><!-- \/wp:column --><\/p>\n<p><!-- wp:column --><\/p>\n<div class=\"wp-block-column\"><!-- wp:emgb\/map {\"location\":\"Si\u00f3fok, V\u00e1mh\u00e1z u. 4., 1. emelet 3. ajt\u00f3\\n\\n\",\"zoom\":17,\"deskHeight\":436} -->\n<div class=\"wp-block-emgb-map undefined dh-436 th-300 mh-250\"><iframe style=\"border: 0; height: 436px; width: 100%;\" src=\"https:\/\/maps.google.com\/maps?q=Si%C3%B3fok%2C+V%C3%A1mh%C3%A1z+u.+4.%2C+1.+emelet+3.+ajt%C3%B3%0A%0A&amp;z=17&amp;t=m&amp;output=embed\"><\/iframe><\/div>\n<p><!-- \/wp:emgb\/map --><\/p>\n<\/div>\n<p><!-- \/wp:column --><\/p>\n<\/div>\n<p><!-- \/wp:columns --><\/p>\n<p><!-- wp:columns --><\/p>\n<div class=\"wp-block-columns\"><!-- wp:column -->\n<div class=\"wp-block-column\"><!-- wp:paragraph {\"align\":\"center\",\"style\":{\"color\":{\"background\":\"#dbbe92\",\"text\":\"#504434\"},\"typography\":{\"textTransform\":\"uppercase\"}},\"fontSize\":\"large\"} -->\n<p class=\"has-text-align-center has-text-color has-background has-large-font-size\" style=\"background-color: #dbbe92; color: #504434; text-transform: uppercase;\"><strong>Mytime<\/strong><\/p>\n<p class=\"has-text-align-center has-text-color has-background has-large-font-size\" style=\"background-color: #dbbe92; color: #504434; text-transform: uppercase;\"><strong> \ud83d\ude42<\/strong><\/p>\n<\/div>\n<\/div>\n<p><!-- \/wp:columns --><\/p>\n<p><!-- wp:columns --><\/p>\n<div class=\"wp-block-columns\"><!-- wp:column -->\n<div class=\"wp-block-column\"><!-- wp:image {\"id\":396,\"sizeSlug\":\"full\",\"linkDestination\":\"none\"} -->\n<figure class=\"wp-block-image size-full\"><\/figure>\n<p><!-- \/wp:image --><\/p>\n<\/div>\n<p><!-- \/wp:column --><\/p>\n<p><!-- wp:column --><\/p>\n<div class=\"wp-block-column\"><!-- wp:image {\"id\":399,\"sizeSlug\":\"full\",\"linkDestination\":\"none\"} -->\n<figure class=\"wp-block-image size-full\"><\/figure>\n<p><!-- \/wp:image --><\/p>\n<\/div>\n<p><!-- \/wp:column --><\/p>\n<\/div>\n<p><!-- \/wp:columns --><\/p>\n<p><!-- wp:table --><\/p>\n<figure class=\"wp-block-table\">\n<table>\n<tbody>\n<tr>\n<td>\u00a0<\/td>\n<td>\u00a0<\/td>\n<\/tr>\n<tr>\n<td>\u00a0<\/td>\n<td>\u00a0<\/td>\n<\/tr>\n<\/tbody>\n<\/table>\n<\/figure>\n<p><!-- \/wp:table --><\/p>\n<p><!-- wp:paragraph --><\/p>\n<p><!-- \/wp:paragraph --><\/p>","protected":false},"excerpt":{"rendered":"<p>Az \u00e9nid\u0151 min\u0151s\u00e9gi, \u00d6nmagunkra sz\u00e1nt id\u0151, amit azzal t\u00f6lt\u00fcnk, ami sz\u00e1munkra fontos \u00e9s kiz\u00e1r\u00f3lag csak R\u00f3lunk sz\u00f3l. N\u0151k\u00e9nt olykor meg kell \u00e1llni egy kicsit, \u00e9s \u00e1tgondolni, hogy mennyi id\u0151t is sz\u00e1nunk saj\u00e1t magunkra a h\u00e9tk\u00f6znapok sor\u00e1n. Aki ad, kapnia is kell. \u00c1RAK (az aktu\u00e1lis akci\u00f3kat keresd a honlapon vagy a mytimecenter facebook oldalon) Relax massz\u00e1zs&hellip;&nbsp;<a href=\"https:\/\/mytimecenter.hu\/\" class=\"\" rel=\"bookmark\">Read More &raquo;<span class=\"screen-reader-text\">Home<\/span><\/a><\/p>\n","protected":false},"author":1,"featured_media":0,"parent":0,"menu_order":0,"comment_status":"closed","ping_status":"closed","template":"","meta":{"neve_meta_sidebar":"default","neve_meta_container":"default","neve_meta_enable_content_width":"on","neve_meta_content_width":100,"neve_meta_title_alignment":"","neve_meta_author_avatar":"","neve_post_elements_order":"","neve_meta_disable_header":"","neve_meta_disable_footer":"","neve_meta_disable_title":"on","_ti_tpc_template_sync":false,"_ti_tpc_template_id":"cwhkd9lki581rusuhjti","footnotes":""},"class_list":["post-307","page","type-page","status-publish","hentry"],"_links":{"self":[{"href":"https:\/\/mytimecenter.hu\/index.php?rest_route=\/wp\/v2\/pages\/307","targetHints":{"allow":["GET"]}}],"collection":[{"href":"https:\/\/mytimecenter.hu\/index.php?rest_route=\/wp\/v2\/pages"}],"about":[{"href":"https:\/\/mytimecenter.hu\/index.php?rest_route=\/wp\/v2\/types\/page"}],"author":[{"embeddable":true,"href":"https:\/\/mytimecenter.hu\/index.php?rest_route=\/wp\/v2\/users\/1"}],"replies":[{"embeddable":true,"href":"https:\/\/mytimecenter.hu\/index.php?rest_route=%2Fwp%2Fv2%2Fcomments&post=307"}],"version-history":[{"count":86,"href":"https:\/\/mytimecenter.hu\/index.php?rest_route=\/wp\/v2\/pages\/307\/revisions"}],"predecessor-version":[{"id":482,"href":"https:\/\/mytimecenter.hu\/index.php?rest_route=\/wp\/v2\/pages\/307\/revisions\/482"}],"wp:attachment":[{"href":"https:\/\/mytimecenter.hu\/index.php?rest_route=%2Fwp%2Fv2%2Fmedia&parent=307"}],"curies":[{"name":"wp","href":"https:\/\/api.w.org\/{rel}","templated":true}]}}